der when 1711 is divided by 2.
1
What is the remainder when 693 is divided by 15?
3
What is the remainder when 283 is divided by 21?
10
Calculate the remainder when 383 is divided by 6.
5
Calculate the remainder when 718 is divided by 22.
14
What is the remainder when 3837 is divided by 15?
12
What is the remainder when 2440 is divided by 396?
64
Calculate the remainder when 106 is divided by 102.
4
What is the remainder when 434 is divided by 44?
38
What is the remainder when 493 is divided by 38?
37
Calculate the remainder when 657 is divided by 60.
57
Calculate the remainder when 1007 is divided by 63.
62
Calculate the remainder when 85 is divided by 31.
23
What is the remainder when 630 is divided by 79?
77
Calculate the remainder when 789 is divided by 377.
35
Calculate the remainder when 2965 is divided by 56.
53
What is the remainder when 257 is divided by 137?
120
What is the remainder when 133 is divided by 41?
10
What is the remainder when 105 is divided by 56?
49
What is the remainder when 9773 is divided by 23?
21
What is the remainder when 8152 is divided by 2711?
19
What is the remainder when 50 is divided by 21?
8
What is the remainder when 1238 is divided by 306?
14
What is the remainder when 179 is divided by 40?
19
Calculate the remainder when 194 is divided by 15.
14
Calculate the remainder when 1524 is divided by 3.
0
Calculate the remainder when 294 is divided by 5.
4
What is the remainder when 28 is divided by 14?
0
What is the remainder when 205 is divided by 21?
16
Calculate the remainder when 430 is divided by 41.
20
What is the remainder when 5119 is divided by 256?
255
Calculate the remainder when 169 is divided by 26.
13
Calculate the remainder when 1211 is divided by 45.
41
What is the remainder when 49 is divided by 13?
10
What is the remainder when 593 is divided by 121?
109
Calculate the remainder when 494 is divided by 28.
18
What is the remainder when 44 is divided by 22?
0
What is the remainder when 439 is divided by 32?
23
Calculate the remainder when 370 is divided by 93.
91
Calculate the remainder when 115 is divided by 44.
27
Calculate the remainder when 655 is divided by 8.
7
What is the remainder when 6892 is divided by 75?
67
What is the remainder when 28 is divided by 13?
2
What is the remainder when 823 is divided by 40?
23
Calculate the remainder when 61 is divided by 21.
19
What is the remainder when 145 is divided by 115?
30
Calculate the remainder when 2178 is divided by 30.
18
Calculate the remainder when 234 is divided by 20.
14
What is the remainder when 437 is divided by 4?
1
What is the remainder when 302 is divided by 29?
12
What is the remainder when 12460 is divided by 186?
184
Calculate the remainder when 502 is divided by 14.
12
Calculate the remainder when 553 is divided by 13.
7
Calculate the remainder when 453 is divided by 193.
67
What is the remainder when 441 is divided by 107?
13
Calculate the remainder when 1996 is divided by 330.
16
What is the remainder when 42 is divided by 3?
0
Calculate the remainder when 405 is divided by 98.
13
Calculate the remainder when 137 is divided by 20.
17
Calculate the remainder when 1190 is divided by 63.
56
Calculate the remainder when 102 is divided by 19.
7
Calculate the remainder when 35 is divided by 8.
3
What is the remainder when 191 is divided by 16?
15
What is the remainder when 197 is divided by 52?
41
What is the remainder when 402 is divided by 101?
99
Calculate the remainder when 1791 is divided by 210.
111
What is the remainder when 1580 is divided by 30?
20
What is the remainder when 641 is divided by 91?
4
What is the remainder when 186 is divided by 63?
60
What is the remainder when 188 is divided by 65?
58
Calculate the remainder when 228 is divided by 49.
32
Calculate the remainder when 180 is divided by 78.
24
What is the remainder when 2497 is divided by 9?
4
Calculate the remainder when 1389 is divided by 87.
84
What is the remainder when 218 is divided by 19?
9
Calculate the remainder when 123 is divided by 18.
15
What is the remainder when 421 is divided by 106?
103
Calculate the remainder when 1055 is divided by 44.
43
Calculate the remainder when 5351 is divided by 45.
41
Calculate the remainder when 70 is divided by 41.
29
Calculate the remainder when 21 is divided by 11.
10
Calculate the remainder when 104 is divided by 30.
14
Calculate the remainder when 137 is divided by 23.
22
Calculate the remainder when 101 is divided by 93.
8
Calculate the remainder when 1124 is divided by 87.
80
Calculate the remainder when 3840 is divided by 7.
4
Calculate the remainder when 299 is divided by 271.
28
Calculate the remainder when 144 is divided by 36.
0
What is the remainder when 2307 is divided by 146?
117
What is the remainder when 1093 is divided by 107?
23
What is the remainder when 102 is divided by 35?
32
What is the remainder when 310 is divided by 50?
10
Calculate the remainder when 65 is divided by 5.
0
Calculate the remainder when 633 is divided by 14.
3
What is the remainder when 503 is divided by 21?
20
Calculate the remainder when 185 is divided by 172.
13
Calculate the remainder when 987 is divided by 62.
57
Calculate the remainder when 180 is divided by 71.
38
Calculate the remainder when 32 is divided by 7.
4
Calculate the remainder when 2725 is divided by 19.
8
What is the remainder when 365 is divided by 74?
69
What is the remainder when 966 is divided by 186?
36
What is the remainder when 1190 is divided by 309?
263
Calculate the remainder when 587 is divided by 27.
20
What is the remainder when 5844 is divided by 225?
219
What is the remainder when 5663 is divided by 258?
245
Calculate the remainder when 62455 is divided by 34.
31
What is the remainder when 120 is divided by 25?
20
Calculate the remainder when 149 is divided by 14.
9
What is the remainder when 61 is divided by 22?
17
What is the remainder when 67 is divided by 5?
2
Calculate the remainder when 1021 is divided by 14.
13
What is the remainder when 4254 is divided by 133?
131
What is the remainder when 3713 is divided by 51?
41
What is the remainder when 175 is divided by 18?
13
Calculate the remainder when 359 is divided by 91.
86
Calculate the remainder when 297 is divided by 61.
53
What is the remainder when 118 is divided by 7?
6
What is the remainder when 422 is divided by 6?
2
What is the remainder when 306 is divided by 39?
33
Calculate the remainder when 6465 is divided by 12.
9
What is the remainder when 74 is divided by 16?
10
What is the remainder when 876 is divided by 42?
36
What is the remainder when 611 is divided by 88?
83
What is the remainder when 455 is divided by 27?
23
Calculate the remainder when 53 is divided by 37.
16
Calculate the remainder when 17 is divided by 5.
2
Calculate the remainder when 110 is divided by 15.
5
What is the remainder when 344 is divided by 33?
14
Calculate the remainder when 237 is divided by 44.
17
Calculate the remainder when 3186 is divided by 24.
18
Calculate the remainder when 84 is divided by 59.
25
Calculate the remainder when 35 is divided by 8.
3
What is the remainder when 3830 is divided by 27?
23
What is the remainder when 94 is divided by 64?
30
Calculate the remainder when 15 is divided by 4.
3
What is the remainder when 77 is divided by 13?
12
Calculate the remainder when 1179 is divided by 585.
9
Calculate the remainder when 50 is divided by 26.
24
What is the remainder when 119 is divided by 24?
23
Calculate the remainder when 150 is divided by 19.
17
What is the remainder when 473 is divided by 119?
116
Calculate the remainder when 91 is divided by 90.
1
Calculate the remainder when 189 is divided by 86.
17
What is the remainder when 309 is divided by 141?
27
What is the remainder when 412 is divided by 28?
20
What is the remainder when 3396 is divided by 103?
100
Calculate the remainder when 716 is divided by 90.
86
What is the remainder when 67 is divided by 59?
8
Calculate the remainder when 64 is divided by 5.
4
What is the remainder when 169 is divided by 44?
37
What is the remainder when 1508 is divided by 89?
84
Calculate the remainder when 78 is divided by 14.
8
What is the remainder when 4267 is divided by 97?
96
Calculate the remainder when 2891 is divided by 193.
